 k(o) be the first derivative of -o**3/3 - 5*o**2/2 + 4*o + 64399. Let w = 19 - -5. Suppose 6*q - 3*q - w = 4*i, -2*i = 4*q + 12. Determine k(i).
-2
Let m = 550 - 545. Suppose -m*w + 65 = 65. Let i(j) = j**2 + j - 27. Calculate i(w).
-27
Let m = 4 + -3. Let a(u) be the second derivative of 7*u**4/24 - 24*u**2 - 13*u. Let j(c) be the first derivative of a(c). Determine j(m).
7
Let j = -4 + 2. Let m(h) be the second derivative of h**5/20 + h**4/4 + 2*h**3/3 + 3*h**2/2 + 112*h + 32. What is m(j)?
-1
Let i(r) = 10*r**2 + 15*r**2 + 9 + 17*r - 12*r - 65*r**2 + 11*r**2 + 30*r**2. Let j(n) = -n**2 + n - 5. Let t be j(0). Let z be t + 1*(0 - 1). Determine i(z).
15
Suppose 3*k = -4*o + 1, 0 = k + o - 0 - 1. Let b be k/((1/7)/((-6)/9)). Let l be b/(-315)*5 - 94/18. Let t(q) = -q**3 - 6*q**2 - q - 1. Determine t(l).
-21
Let g(z) = -5*z - 22. Let t(d) = -4*d - 21. Let w(q) = -3*g(q) + 4*t(q). Let p be (-20 - -21)/(1/(-3) - 12/(-54)). What is w(p)?
-9
Let y(t) = t**2 + 11*t - 4. Let m = -329 + 619. Let w = -300 + m. Determine y(w).
-14
Suppose 3*j - 6*j + 4*h + 5 = 0, j = 5*h - 2. Let w(t) = -j - t - 8*t**3 - 17*t**3 + 27*t**3 - 5*t**2. What is w(3)?
3
Let d(p) = p**3 + 7*p**2 - 2*p - 9. Let v(z) = z**2 + 5*z + 3. Let u be v(-6). Suppose 63 = -u*x - 0. Determine d(x).
5
Let l be (-7 - 1)*9/(-36). Let a(y) = -6*y + 0*y**3 + y**2 + y**3 + 0*y**2 + 4*y**l + 2*y**2 + 6. Let n = -15 - -7. Calculate a(n).
-10
Suppose -3*b = -4*u - 2, 3 = 7*b - 6*b + u. Let f(q) = -67*q**2 - 66*q**2 + 4*q - 70*q**b + 5 + 202*q**2. Determine f(6).
-7
Let b(o) be the first derivative of o**4/4 - 25*o**3/3 + 21*o**2 + 90*o + 2816. What is b(23)?
-2
Let u = 40523 + -40522. Let t(j) be the first derivative of 13*j**2/2 + j - 3. Determine t(u).
14
Let b(j) be the second derivative of -5*j**3/6 + 7*j**2/2 + 2*j. Let o(v) = -161*v + 14 - 170*v + 320*v. Let r(p) = -9*b(p) + 4*o(p). Give r(7).
0
Let g(a) be the first derivative of 170 + 15*a - 14*a - 328*a**2 + 168*a**2 + 176*a**2. What is g(1)?
33
Let i(f) = 2*f**2 - 10*f + 6. Let l be 10/4 + (36/(-20))/(6/(-5)). What is i(l)?
-2
Let z(x) = -8*x**3 - 2*x**2 + 1. Let m be z(1). Suppose 19 = -5*y - 3*p - 5, -y - 18 = 5*p. Let k be 0/(12/m*y/(-2)). Let r(h) = h - 2. Give r(k).
-2
Suppose -8*f + 46*f - 332 = -45*f. Let v(u) = -u**3 + 5*u**2 - 10*u + 21. What is v(f)?
-3
Let v(t) = 9*t**2 + 1 - 9*t**2 + 677*t**3 - t - t**2 - 639*t**3. Determine v(-1).
-37
Let z be (8 + 19)*(8/2)/12. Suppose -s = -5*j - z, -2*s + 3*j + 3 = -2*j. Let c(m) = -m**2 - 5*m + 0*m**2 - 2*m - 4. Determine c(s).
2
Let b(p) = -186*p + 1616. Let h(g) = -124*g + 1079. Let t(z) = -15*b(z) + 22*h(z). Give t(8).
-6
Let u(h) = h**3 - 4*h**2 - 5*h - 3. Let v = 4 + -4. Let t = 455 + -450. Let k = t + v. What is u(k)?
-3
Let l(v) = -2*v**3 - 2*v**2 + 2*v + 2. Suppose 30*i - 446 - 34 = 0. Suppose 12*x - 8 = i*x. What is l(x)?
6
Let h(y) be the third derivative of 5*y**4/24 - y**3/2 + 1427*y**2. Let o(d) = 5*d - 5. Let b(i) = i + 6. Let u be b(0). Let n(a) = u*h(a) - 5*o(a). Give n(-5).
-18
Suppose -5*t = -25, -3*u + 244 = -2*t - 76. Suppose 9 = -101*r + u*r. Let c(s) be the third derivative of s**4/6 + s**3/6 + s**2. Give c(r).
5
Let c be (16/(-40))/((-2)/10). Let s(r) = 6*r**2 + r**3 - 3 - 8*r + 2*r + c + 8*r. Give s(-6).
-13
Let n(a) = -a**3 - 4*a**2 + a + 1. Let t(i) = 18*i - 126. Let r be t(7). Let c be 7/(-7) - (r - -2)*2. Give n(c).
21
Suppose 0 = -5*u - 3*t - 4, 6 = 13*u - 17*u - 2*t. Let y(q) = q**2 + 19*q + 33. Give y(u).
-37
Suppose -3*f - 2*g + 2 = -3*g, -3*g = 4*f - 20. Let y(b) = -24*b**3 + 22*b**3 - 2*b**f + b**3. Determine y(-2).
0
Suppose 2*l - 4*m = -10, -m - 2 = 3*l + l. Let k(q) be the first derivative of 0*q**2 - 34 + 54 + 26 - q - 2*q**2. Determine k(l).
3
Let b be (68/6)/(6*1/(-189)). Let f be b/(-34)*(-8)/(-6). Let r(k) = -k**2 + 14*k + 9. Determine r(f).
9
Suppose 2*f + 6 = -4*h, 0 = 5*h - 1038*f + 1040*f + 10. Let r(j) = 16*j + 12. What is r(h)?
-52
Let r(o) be the second derivative of -7/20*o**5 + 11*o + 0 - 15/2*o**2 + 0*o**3 - 1/24*o**4. Let s(d) be the first derivative of r(d). Calculate s(-1).
-20
Let s(v) = 13*v**2 + 47*v + 6. Let b be s(-3). Let n(h) = h**3 + 18*h**2 - 2*h - 33. What is n(b)?
3
Let l(h) = 23 - 5 - 41*h + 126 + 56*h. Give l(-9).
9
Let j = 4 - 10. Let w(q) = -q**2 - 1. Let m(k) = 7*k**2 + 4*k + 7. Let g(b) = b**2. Let r be g(1). Let t(n) = r*m(n) + 6*w(n). Calculate t(j).
13
Let m(p) = -p**2 + 22*p - 37. Suppose -63*f - 59*f - 160 = -130*f. Determine m(f).
3
Let u(q) = -2*q**2 + 5*q - 2. Let z(s) = -9*s - 122. Let r = 610 + -624. Let t be z(r). Calculate u(t).
-14
Let q(c) = -4*c**2 + 96*c - 93. Let d = 627 + -604. What is q(d)?
-1
Let c = -203 - -199. Let s(d) be the third derivative of -d**6/120 - d**5/30 + d**4/4 + d**3 - 12*d**2 + 2. Give s(c).
14
Let d(y) = -y**2 + 3 - 11 + 290*y - 290*y. Calculate d(5).
-33
Let y(b) be the second derivative of -b**6/360 - b**5/120 + b**4/6 - 27*b**3/2 + 47*b. Let j(z) be the second derivative of y(z). Calculate j(-4).
-8
Let f(g) be the third derivative of g**5/60 + g**4/4 - 8*g**3/3 - 1128*g**2. Give f(-9).
11
Suppose 3*j + 1066 = -4*z + 1026, j = 2*z + 10. Let r(s) = s**3 + 6*s**2 + 10*s + 2. What is r(z)?
-117
Let z(x) = -x**3 - 11*x**2 - x - 37. Let t be (-123)/12 + ((-3)/(-36) - (-50)/(-60)). What is z(t)?
-26
Let y(s) = -s**2 - 5*s - 2. Let q(g) = -2*g**3 - 10*g**2 + 13*g + 4. Let c be q(-9). Let p = c - 540. Give y(p).
-2
Let j(o) = -4 + 3131*o - 1558*o - 1574*o - 2. Let d(v) = -v**3 - 5*v**2 + v - 3. Let b(q) = -4*q**2 - 1. Let y be b(-1). Let z be d(y). What is j(z)?
2
Let n(h) be the first derivative of -1/4*h**4 + 20 + 1/6*h**3 - 17*h + 1/10*h**5 + 0*h**2. Let b(w) be the first derivative of n(w). What is b(2)?
6
Let c(p) be the first derivative of p**4/2 + 2*p**3/3 - p - 234. Let s(f) = -f**3 + 8*f**2 - 7*f + 1. Let u be s(7). What is c(u)?
3
Let f(b) be the third derivative of 7*b**5/60 + 5*b**3/6 + 57*b**2. Let n(k) = k**2 + k + 1. Let r(d) = f(d) - 4*n(d). Determine r(3).
16
Let x(h) = -65*h + 178*h - 58*h - 56*h - 33. Give x(-7).
-26
Let h be (0 - (-2 - 4/4)) + -3. Let w(q) = 24*q**2 - 26*q + 10. Let g(l) = 13*l**2 - 14*l + 5. Let o(f) = -11*g(f) + 6*w(f). What is o(h)?
5
Suppose -43*t = -42*t - 2*d + 8, -2*t - 20 = -2*d. Let b(y) = y**3 + 13*y**2 + 10*y + 7. Calculate b(t).
31
Let a(j) be the first derivative of -j**5/20 - j**4/2 + j**2/2 - 2*j + 1. Let m(y) be the first derivative of a(y). Suppose -37 + 20 = 12*z + 55. What is m(z)?
1
Suppose 0 = -2*a - 18 + 84. Suppose -5*z - 2*d - 45 = 3*d, -4*z - d - a = 0. Let s(b) = -b + 3. Let n be s(z). Let m(t) = t**2 - 9*t - 13. Determine m(n).
9
Suppose 41 = -4*n + 2*w + 197, 4*n - w = 158. Suppose -5*m = -3*y + n, -2*m - 45 = -5*y + 2*m. Let g(r) = -r**2 + 4*r - 2. Give g(y).
-7
Suppose -k = -4*p + 8 + 74, -3*k = -4*p + 78. Let b(t) = -6*t + t + 20 + t + t**2 - p. What is b(-4)?
31
Let p(l) = 2*l - 2. Let n be ((-847)/(-49) - 18)*7/(-1). Determine p(n).
8
Let w(b) = -b + 9. Let g(c) = 12*c + 71. Suppose 56 = 6*o + 86. Let n be g(o). Calculate w(n).
-2
Suppose -4*s + 10 = 2*b - 50, s = -3*b + 5. Let m(l) = -3*l + s*l - 13*l + 7. Calculate m(0).
7
Suppose o + 294 = -2*z, -5*o + 736 = -z + 2261. Let s be 4/(-22) + (o/22 - -3). Let r(n) = n**3 + 12*n**2 + 13*n + 15. Determine r(s).
-7
Let d(x) = -77545 - 3*x + 77542 + 8*x. Suppose 2 = -u + 6. What is d(u)?
17
Let q(j) = 2*j + 27. Suppose 92*n = -29*n - 1694. Calculate q(n).
-1
Let b(o) = 3*o - 5*o + 3*o - 6. Let x be b(6). Let h(a) be the second derivative of -a**3/6 - a**2 - 18846*a. What is h(x)?
-2
Let o(k) = -2*k**2 - 3*k + 2. Let v = 1662 + -1665. What is o(v)?
-7
Suppose 0*z - 9 = -3*z. Let b(p) = -p**2 + p. Let r(l) = -l**2 - 3*l + 4. Let h(n) = -2*b(n) - r(n). What is h(z)?
26
Suppose -2*k - 2*c + 3 = -1, 3*c = 0. Suppose k*a + 6 = a. Let b(r) be the third derivative of r**5/60 + r**4/12 - 4*r**3/3 - 10*r**2. Determine b(a).
16
Suppose 9*z - 26 = 11*z - 3*m, 3*z = -2*m. Let a(r) = 13*r + 60. Determine a(z).
8
Let h(y) = -4. Let a(q) = 5*q**2 - q - 16. Let w(z) = -a(z) + 4*h(z). Let i be (8 - 9)*(1 + 0). What is w(i)?
-6
Let u(c) be the second derivative of c**5/40 + c**4/24 - 73*c**3/6 - 131*c. Let l(t) be the second derivative of u(t). Give l(4).
13
Let z(q) = 29*q - 29. Let